
Let v(u) = -u**3 - 7*u**2 - 6*u + 3. Let n be v(-6). Let r(i) = i**2 - 5*i + 4. Calculate r(n).
-2
Let i(u) = -21*u - 24. Let j be 21/2 + 2/4. Let q(k) be the second derivative of 2*k**3/3 + 5*k**2/2 - k. Let o(a) = j*q(a) + 2*i(a). Give o(-5).
-3
Let n = -19 - -19. Suppose -5*y - 3*x = -27 - 0, 4*y = x + 25. Let g(q) = -3*q**2 + 7 + y*q**2 - 4*q**2. What is g(n)?
7
Let d(o) = 5*o. Suppose 15*z - 24 + 9 = 0. What is d(z)?
5
Let y(g) be the third derivative of g**5/60 + 7*g**4/24 + g**3/2 - 2*g**2. Determine y(-6).
-3
Let j(o) be the third derivative of -o**5/60 - o**4/12 + 7*o**3/6 - o**2. Let y be j(-5). Let q be 3/1*y/(-6). Let p(z) = z**2 - 6*z + 3. What is p(q)?
-5
Let o(q) = q**2 + 5*q + 1. Let w be o(-6). Let k(f) = f - 2. Give k(w).
5
Let x(p) = 3*p**3 - 11*p**2 + 6. Let r(u) = 2*u**3 - 7*u**2 + 4. Let s(h) = 8*r(h) - 5*x(h). Let k be 8/2 - (-4 + 9 + -1). Give s(k).
2
Let i(g) = -1. Let d(c) = c + 1. Let r(u) = 3*d(u) + i(u). Let n(o) = -10*o - 5. Let s be ((-7)/4)/(4/(-16)). Let b(p) = s*r(p) + 2*n(p). Determine b(-5).
-1
Let o(m) = m + 1. Let t be 2/7 + (-5)/(-7). Let j be (1 - t)/1*-1. Let k be (j + 1)*0/5. Calculate o(k).
1
Let y(f) = 11*f + 9. Let d(h) = 5*h + 4. Let j(c) = 13*d(c) - 6*y(c). Give j(-7).
5
Let b = 2 + 8. Let s = 11 - b. Let a(k) = -6*k**2 - k. Determine a(s).
-7
Let f = 17 + -10. Let j(s) = 11 - 6*s**3 - 4*s + 0*s + s**3 - f*s**2 + 3*s**3. Let d(i) = i**3 + 4*i**2 + 2*i - 6. Let h(a) = -11*d(a) - 6*j(a). Give h(2).
4
Let i be (-105)/25 + (-2)/(-10). Let y be (3/2)/((-3)/i). Let a(o) be the first derivative of o**4/4 - 2*o**3/3 - o**2 + 2. Calculate a(y).
-4
Let l(j) be the third derivative of -j**5/20 + j**4/8 + 2*j**3/3 - j**2 - 12*j. What is l(3)?
-14
Let w(v) be the first derivative of v**2/2 + 4*v + 1. Suppose -3*q + 3*x + x = -10, -6 = -5*q - 4*x. Suppose -q*r - 14 + 6 = 0. Calculate w(r).
0
Suppose 5*f - 2 - 8 = -3*m, -f - 15 = 4*m. Let o(v) be the third derivative of v**4/24 - v**3/6 - v**2. Determine o(f).
4
Suppose -7*v + 3*v + 16 = 2*h, -4*v = 3*h - 16. Let d(p) = p - 4. What is d(h)?
-4
Let u(g) = -7*g**3 - 19*g**2 - 11*g + 9. Let j(a) = 3*a**3 + 9*a**2 + 5*a - 5. Let p(x) = 5*j(x) + 2*u(x). Determine p(-6).
11
Let b = -5 - -2. Let r = 1 - b. Let j(m) = m**3 - 3*m**2 - 3*m - 3. Determine j(r).
1
Let c(m) be the third derivative of -5*m**4/24 + m**3/6 + 24*m**2. Determine c(-1).
6
Let u(o) = -3*o + 6. Let d(p) = -1. Let z(h) = -6*d(h) - u(h). What is z(1)?
3
Suppose 8*p + 3 = 5*p. Let t(d) = -6*d. Calculate t(p).
6
Let d(f) = -6*f**3 + 2*f**2 + 6*f - 10. Let o(x) = -x**3 + x - 2. Let k(c) = -d(c) + 5*o(c). Calculate k(3).
6
Let r(t) be the third derivative of t**4/24 + 5*t**2. What is r(-5)?
-5
Let r(t) be the second derivative of t**7/2520 + t**6/720 + t**5/120 + 5*t**4/6 - 8*t. Let j(o) be the third derivative of r(o). What is j(-2)?
3
Let f be (1 + 2 - 0)/1. Let s(n) = -4*n + f*n + 0*n. Let x(t) = t**2 + 7*t + 2. Let k be x(-6). What is s(k)?
4
Let g(d) = -d**3 - 4*d**2 + d - 1. Let t be g(-4). Let o(b) be the first derivative of -b**4/4 - 2*b**3 - 2*b**2 + 2*b + 1. Give o(t).
-3
Let r(s) be the third derivative of s**6/60 + s**5/30 + s**4/24 - 12*s**2. What is r(-2)?
-10
Let i(z) be the first derivative of -z**2/2 - 3*z - 1. Let j = 5 - 2. Let c = j - 3. Calculate i(c).
-3
Let x(s) = 15 + 4*s**2 - 7*s**2 + 3*s**2 - s**3. What is x(0)?
15
Let l = 1 - -1. Suppose 0 = l*m + 8 - 2. Let y(x) = -x**3 - 4*x**2 - 5*x - 3. Determine y(m).
3
Let d = -8 + 22. Let t be 24/d + (-2)/(-7). Let v(r) = -5*r**2 + 3*r - 4. Let i(a) = 4*a**2 - 2*a + 3. Let y(l) = 6*i(l) + 5*v(l). Give y(t).
0
Let y(d) = -d**2 - 2. Let p(i) = 5*i + 25. Let h be p(-5). Calculate y(h).
-2
Let h(b) = b**3 - 4*b**2 - 4*b. Suppose -2*p + 0*p + 16 = 0. Suppose g = -g + p. Suppose -d - 3*d = -5*n - 30, -3*d + 7 = g*n. Determine h(d).
5
Let h(j) be the second derivative of -j**5/10 - j**3/3 - j**2/2 + 6*j. Let q(w) = 5*w**3 + w**2 + 5*w + 1. Let k(x) = -7*h(x) - 3*q(x). Give k(-3).
7
Suppose -4*h + 9 = -7. Suppose -4*d - 12 = -4*o - 4, 4*o - 32 = -h*d. Let t(p) be the third derivative of p**5/60 - p**4/6 + p**3/2 + p**2. Calculate t(o).
8
Let n(l) = -11*l + 7. Let u(c) = -4*c + 2. Let d(r) = 3*n(r) - 8*u(r). What is d(5)?
0
Let b(j) = -4*j**3 - 11*j**2 + 8*j - 1. Let n(z) = 3*z**3 + 10*z**2 - 8*z + 2. Let v(c) = 4*b(c) + 5*n(c). Determine v(5).
-9
Let i(t) = -5 + 5*t + 5 + t**2 + 1. Determine i(-4).
-3
Suppose -19*b - 6*b = -7*b. Let g(a) be the second derivative of -1/3*a**3 - 3*a + 0*a**2 + b + 1/3*a**4 - 1/20*a**5. Determine g(4).
-8
Let x be 6/1 - 8/2. Let d(n) = n - 1. Give d(x).
1
Suppose 0*h + 20 = 5*h. Let x be h/6*9/(-2). Let f(q) = -q**3 - 3*q**2 + q + 3. Calculate f(x).
0
Let i = -3 - -4. Let b(z) = -7*z**3 + z**2 - 2*z - 1. Let u(g) = g**3 - g**2 - g - 1. Let a(l) = i*b(l) - u(l). Let t be (5/15)/(1/3). Determine a(t).
-7
Let f(z) be the second derivative of 3*z + 0 + 1/2*z**2 - 1/3*z**3. What is f(-4)?
9
Suppose 20 = -2*z - 2*t, -5*t + 0*t = 3*z + 38. Let r(b) = b**3 + 6*b**2 - 6. Calculate r(z).
-6
Let l(v) = v**3 + 4*v**2 - 5*v - 2. Suppose -14 = -5*y + 4*r, -2*y - 3 + 11 = -4*r. Suppose -s - 4 = -g, -14 = y*s + 2*g - 2. Determine l(s).
-2
Let t(g) = g. Let o be (-1 - -2)/(2/16). Let w = o + -16. Let n be 19/(-3) + w/(-24). Give t(n).
-6
Let w(l) be the first derivative of 5/2*l**2 + 4*l - 5 + 1/4*l**4 - 7/3*l**3. Determine w(6).
-2
Let t(x) = x**3 - 2*x + 2. Suppose -3*r = -0*r + 6. Let u(m) = m**2 - m - 9. Let q be u(0). Let i be (-3)/q*r*-3. What is t(i)?
6
Suppose -5*k - 1 = -4*r + 1, -k - r = -5. Let z(i) = -2 + 0 + 2*i - i - k. Give z(5).
1
Let s(y) = 2*y**2 - 6*y. Let o(t) = -2*t**2 + 5*t. Let a(z) = -5*o(z) - 4*s(z). Let c(h) = h**2 - 5*h + 2. Let d be c(4). Give a(d).
10
Let o(c) = 5*c + 1. Suppose 9 = l + 11. Give o(l).
-9
Suppose -2*y - 2*m = -8, -5*y - 3 = -5*m - 13. Let d(g) be the second derivative of g**4/12 - 5*g**3/6 + 2*g**2 - 7*g. What is d(y)?
-2
Let a be (-5)/(5/4)*(2 + -3). Let p(d) = 0 - 5 + 2*d + 1. Calculate p(a).
4
Let g(j) = -2*j + 10. Let f be g(8). Let t(v) = -v**2 - 8*v - 9. What is t(f)?
3
Let q(c) = -c**2 - 5*c - 5. Let l(a) = a**2 + 5*a + 5. Let k(z) = 5*l(z) + 6*q(z). Suppose 0 = -f - 2 - 2. What is k(f)?
-1
Suppose -4*a = -5*t - 5, -4*t + 0 = -12. Let c(x) = -3*x - a + 2*x + 1. Determine c(-4).
0
Let i(g) = g + 3. Let c(h) = -h**2 + 8*h + 11. Let k be c(9). Let f = k - 2. Give i(f).
3
Suppose -6*b + 8 = -2*b. Let f(p) be the first derivative of p**2 - 3*p + 3. Calculate f(b).
1
Let h(u) = u**3 + u**2 - 3*u + 2. Let m(g) = g**2 - 9*g + 15. Let i be m(6). Calculate h(i).
-7
Let x(q) be the second derivative of -q**5/20 + 5*q**4/12 - 2*q**3/3 - q**2/2 - q. Let z = -9 + 13. Give x(z).
-1
Let b(o) = o**3 + o - 1. Let t(x) = -3*x**3 + x**2 - 7*x + 1. Let m(d) = 4*b(d) + t(d). Let h be ((-12)/30*5)/1. Calculate m(h).
-1
Let b(q) = 5*q + 25. Let v be b(-5). Let f(h) be the third derivative of h**2 + v - 1/20*h**5 + 0*h + 0*h**4 - 1/6*h**3. What is f(1)?
-4
Suppose -k + y = 0, 5*y - 6 = -k + 24. Suppose -12 = -k*m + m. Let q(u) = u**2. Let t(h) = -h**2. Let r(x) = m*t(x) - q(x). Calculate r(1).
-4
Let p(k) be the second derivative of -k**4/12 - k**3 - 3*k**2 - 2*k + 40. What is p(-4)?
2
Let u be ((-22)/(-6))/((-6)/18). Let k = u + 8. Let h(s) be the third derivative of -s**6/120 - s**5/15 - s**4/8 + s**3/3 + 2*s**2. Calculate h(k).
2
Let s(z) = z**3 - 4*z**2 - 3*z - 4. Let r be (2 + -3)*(-4 - 1). Let t be s(r). Let m(i) = i**3 - 7*i**2 + 6*i + 7. Determine m(t).
7
Let f(n) = 3*n + 5. Let d(h) = -4*h - 5. Let b(y) = -4*d(y) - 5*f(y). Calculate b(7).
2
Let s(f) = -2*f**3 + 3*f**2 - 9*f - 5. Let a(q) = 3*q**3 - 5*q**2 + 13*q + 8. Let c(b) = 5*a(b) + 7*s(b). Calculate c(4).
13
Let j(f) = -3*f**2 + 3*f - 2. Let g(x) = x**2 + 5*x - 7. Let h be g(-5). Let a(t) = t**3 + 6*t**2 - 8*t - 5. Let o be a(h). What is j(o)?
-8
Let l = -13 - -15. Let j(b) = b**2 - 2*b + 2. Determine j(l).
2
Let m be 1*(0 - (3 + -2)). Let k = 1 - m. Let g(q) = -k - 1 + q + 1. Determine g(3).
1
Suppose 2*q - 8 = -3*b, 0 = -2*b + 4*q - 2*q - 8. Suppose b = -3*d + 6*d - 3. Let h(z) = z. Calculate h(d).
1
Let c(z) = z - 1. Let r be c(2). Let n = 1 + r. Let t be (n + -1)/(1/(-5)). Let m(u) = 2*u - 2. Calculate m(t).
-12
Let r(n) be the thir